{"id":4855,"date":"2023-09-05T03:18:58","date_gmt":"2023-09-05T07:18:58","guid":{"rendered":"http:\/\/deafyouthhub.ca\/announcement\/bientot-disponible-les-carrieres-a-l-honneur\/"},"modified":"2023-09-05T03:21:05","modified_gmt":"2023-09-05T07:21:05","slug":"bientot-disponible-les-carrieres-a-l-honneur","status":"publish","type":"announcement","link":"https:\/\/deafyouthhub.ca\/fr-ca\/annonce\/bientot-disponible-les-carrieres-a-l-honneur\/","title":{"rendered":"Bient\u00f4t disponible : Les carri\u00e8res \u00e0 l&rsquo;honneur"},"content":{"rendered":"\n<p class=\" eplus-wrapper\">Nous avons rencontr\u00e9 des personnes sourdes et malentendantes dans tout le Canada pour discuter de leurs exp\u00e9riences professionnelles. Ces portraits de carri\u00e8re racontent comment ils ont commenc\u00e9 et comment ils ont surmont\u00e9 les obstacles dans leur travail en tant que personnes sourdes et malentendantes. Prochainement sur Deaf Youth HUB !<\/p>\n","protected":false},"excerpt":{"rendered":"<p>Nous avons rencontr\u00e9 des personnes sourdes et malentendantes dans tout le Canada pour discuter de leurs exp\u00e9riences professionnelles. Ces portraits de carri\u00e8re racontent comment ils ont commenc\u00e9 et comment ils ont surmont\u00e9 les obstacles dans leur travail en tant que personnes sourdes et malentendantes. Prochainement sur Deaf Youth HUB ! [&#8230;]<\/p>\n<p><a class=\"btn btn-secondary understrap-read-more-link\" href=\"https:\/\/deafyouthhub.ca\/fr-ca\/annonce\/bientot-disponible-les-carrieres-a-l-honneur\/\">Read More&#8230;<span class=\"screen-reader-text\"> from Bient\u00f4t disponible : Les carri\u00e8res \u00e0 l&rsquo;honneur<\/span><\/a><\/p>\n","protected":false},"featured_media":5322,"parent":0,"template":"","meta":{"_acf_changed":false},"advertisers":[366],"announcements":[440],"class_list":["post-4855","announcement","type-announcement","status-publish","has-post-thumbnail","hentry","advertisers-deaf-youth-hub-fr-ca","announcements-actualites"],"acf":[],"mb":[],"mfb_rest_fields":["title"],"_links":{"self":[{"href":"https:\/\/deafyouthhub.ca\/fr-ca\/wp-json\/wp\/v2\/announcement\/4855","targetHints":{"allow":["GET"]}}],"collection":[{"href":"https:\/\/deafyouthhub.ca\/fr-ca\/wp-json\/wp\/v2\/announcement"}],"about":[{"href":"https:\/\/deafyouthhub.ca\/fr-ca\/wp-json\/wp\/v2\/types\/announcement"}],"wp:featuredmedia":[{"embeddable":true,"href":"https:\/\/deafyouthhub.ca\/fr-ca\/wp-json\/wp\/v2\/media\/5322"}],"wp:attachment":[{"href":"https:\/\/deafyouthhub.ca\/fr-ca\/wp-json\/wp\/v2\/media?parent=4855"}],"wp:term":[{"taxonomy":"advertisers","embeddable":true,"href":"https:\/\/deafyouthhub.ca\/fr-ca\/wp-json\/wp\/v2\/advertisers?post=4855"},{"taxonomy":"announcements","embeddable":true,"href":"https:\/\/deafyouthhub.ca\/fr-ca\/wp-json\/wp\/v2\/announcements?post=4855"}],"curies":[{"name":"wp","href":"https:\/\/api.w.org\/{rel}","templated":true}]}}

Bientôt disponible : Les carrières à l&rsquo;honneur

<p class=" eplus-wrapper">Nous avons rencontré des personnes sourdes et malentendantes dans tout le Canada pour discuter de leurs expériences professionnelles. Ces portraits de carrière racontent comment ils ont commencé et comment ils ont surmonté les obstacles dans leur travail en tant que personnes sourdes et malentendantes. Prochainement sur Deaf Youth HUB !</p>

<p>Nous avons rencontré des personnes sourdes et malentendantes dans tout le Canada pour discuter de leurs expériences professionnelles. Ces portraits de carrière racontent comment ils ont commencé et comment ils ont surmonté les obstacles dans leur travail en tant que personnes sourdes et malentendantes. Prochainement sur Deaf Youth HUB ! [&#8230;]</p>
<p><a class="btn btn-secondary understrap-read-more-link" href="https://deafyouthhub.ca/fr-ca/annonce/bientot-disponible-les-carrieres-a-l-honneur/">Read More&#8230;<span class="screen-reader-text"> from Bientôt disponible : Les carrières à l&rsquo;honneur</span></a></p>
